{"id":17,"date":"2016-08-02T13:07:15","date_gmt":"2016-08-02T13:07:15","guid":{"rendered":"http:\/\/www.wiederverwerkle.ch\/?page_id=17"},"modified":"2026-02-17T10:41:42","modified_gmt":"2026-02-17T10:41:42","slug":"partner","status":"publish","type":"page","link":"https:\/\/www.wiederverwerkle.ch\/?page_id=17","title":{"rendered":"Partner &#038; Freunde"},"content":{"rendered":"<p>Wir freuen uns, dass uns viele Gewerbepartner unterst\u00fctzen. Damit stiften sie einen sinnvollen Beitrag zu einer nachhaltigen Entwicklung. Die unkomplizierte Zusammenarbeit mit ihnen erm\u00f6glicht es uns, das Holz einer breiten Kundschaft anbieten zu k\u00f6nnen.<\/p>\n<p><strong>Herzlichen Dank f\u00fcr die Unterst\u00fctzung an:<\/strong><\/p>\n<p><a href=\"https:\/\/www.bograma.ch\" target=\"_blank\" rel=\"noopener noreferrer\">Bograma AG<\/a><a class=\"default-link\" href=\"http:\/\/www.harderag.ch\/\" target=\"_blank\" rel=\"noopener noreferrer\"><br \/>Harder Schreinerei AG<\/a><br \/><a href=\"https:\/\/www.kellerglas.ch\" target=\"_blank\" rel=\"noopener noreferrer\">Keller Glas\u00a0AG<\/a><br \/><a href=\"http:\/\/www.kubo.ch\" target=\"_blank\" rel=\"noopener noreferrer\">Kubo Tech AG<\/a><br \/><a href=\"http:\/\/www.maag-recycling.ch\" target=\"_blank\" rel=\"noopener noreferrer\">Maag Recycling AG<\/a><br \/><a href=\"https:\/\/mburkhardt.ch\/\" target=\"_blank\" rel=\"noopener noreferrer\">Schreinerei Madeleine Burkhardt<\/a><br \/><a href=\"https:\/\/zehnder-holz.ch\/\" target=\"_blank\" rel=\"noopener noreferrer\">Zehnder Holz AG<\/a><\/p>\n<p>Regelm\u00e4ssig holen wir bei den Partnern die H\u00f6lzer ab.<\/p>\n<p><strong>Freunde:<\/strong><\/p>\n<p><a href=\"http:\/\/www.grundschritt.ch\" target=\"_blank\" rel=\"noopener noreferrer\">Verein Grundschritt<\/a><\/p>\n<p><a href=\"https:\/\/kbunt.ch\/\">Brockenstube Kunterbunt<\/a><\/p>\n\n\n<p><\/p>\n","protected":false},"excerpt":{"rendered":"<p>Wir freuen uns, dass uns viele Gewerbepartner unterst\u00fctzen. Damit stiften sie einen sinnvollen Beitrag zu einer nachhaltigen Entwicklung. Die unkomplizierte Zusammenarbeit mit ihnen erm\u00f6glicht es uns, das Holz einer breiten Kundschaft anbieten zu k\u00f6nnen. Herzlichen Dank f\u00fcr die Unterst\u00fctzung an: Bograma AGHarder Schreinerei AGKeller Glas\u00a0AGKubo Tech AGMaag Recycling AGSchreinerei Madeleine BurkhardtZehnder Holz AG Regelm\u00e4ssig holen&hellip; <\/p>\n","protected":false},"author":3,"featured_media":210,"parent":0,"menu_order":0,"comment_status":"closed","ping_status":"closed","template":"","meta":{"two_page_speed":[],"footnotes":""},"class_list":["post-17","page","type-page","status-publish","has-post-thumbnail","hentry"],"_links":{"self":[{"href":"https:\/\/www.wiederverwerkle.ch\/index.php?rest_route=\/wp\/v2\/pages\/17","targetHints":{"allow":["GET"]}}],"collection":[{"href":"https:\/\/www.wiederverwerkle.ch\/index.php?rest_route=\/wp\/v2\/pages"}],"about":[{"href":"https:\/\/www.wiederverwerkle.ch\/index.php?rest_route=\/wp\/v2\/types\/page"}],"author":[{"embeddable":true,"href":"https:\/\/www.wiederverwerkle.ch\/index.php?rest_route=\/wp\/v2\/users\/3"}],"replies":[{"embeddable":true,"href":"https:\/\/www.wiederverwerkle.ch\/index.php?rest_route=%2Fwp%2Fv2%2Fcomments&post=17"}],"version-history":[{"count":23,"href":"https:\/\/www.wiederverwerkle.ch\/index.php?rest_route=\/wp\/v2\/pages\/17\/revisions"}],"predecessor-version":[{"id":1348,"href":"https:\/\/www.wiederverwerkle.ch\/index.php?rest_route=\/wp\/v2\/pages\/17\/revisions\/1348"}],"wp:featuredmedia":[{"embeddable":true,"href":"https:\/\/www.wiederverwerkle.ch\/index.php?rest_route=\/wp\/v2\/media\/210"}],"wp:attachment":[{"href":"https:\/\/www.wiederverwerkle.ch\/index.php?rest_route=%2Fwp%2Fv2%2Fmedia&parent=17"}],"curies":[{"name":"wp","href":"https:\/\/api.w.org\/{rel}","templated":true}]}}